{"id":84,"date":"2026-02-13T20:23:28","date_gmt":"2026-02-13T20:23:28","guid":{"rendered":"https:\/\/myp-s.de\/S-Groupe\/?page_id=84"},"modified":"2026-03-13T18:06:23","modified_gmt":"2026-03-13T18:06:23","slug":"impressum","status":"publish","type":"page","link":"https:\/\/s-groupe.de\/index.php\/impressum\/","title":{"rendered":"Impressum"},"content":{"rendered":"\n<p><strong>Angaben gem\u00e4\u00df \u00a7 5 TMG<\/strong><\/p>\n\n\n\n<p>S- Gruppe Geb\u00e4udereinigung<br>Inhaberin: Sorina-Daniela Stanoievici<br>Kieferweg 27<br>89134, Blaustein<br>Deutschland<\/p>\n\n\n\n<p><strong>Kontakt<\/strong><br>Telefon: +49 172 9146409 oder +49 1577 7778916<br>E-Mail: S-Gruppe-Reinigung@gmx.de<\/p>\n\n\n\n<p><strong>Vertreten durch:<\/strong><br>Sorina-Daniela Stanoievici<\/p>\n\n\n\n<p><strong>Umsatzsteuer-ID<\/strong><br>Umsatzsteuer-Identifikationsnummer gem\u00e4\u00df \u00a7 27 a Umsatzsteuergesetz: <\/p>\n\n\n\n<p><strong>Verantwortlich f\u00fcr den Inhalt nach \u00a7 55 Abs. 2 RStV<\/strong><br>Sorina-Daniela Stanoievici<\/p>\n\n\n\n<p><strong>Hosting<\/strong><br>Hosting und technische Bereitstellung der Website:<br>myprepaid-server.com<br><a href=\"https:\/\/myprepaid-server.com\/\">https:\/\/myprepaid-server.com\/<\/a><\/p>\n\n\n\n<p><strong>Haftung f\u00fcr Inhalte<\/strong><br>Als Diensteanbieter sind wir gem\u00e4\u00df \u00a7 7 Abs.1 TMG f\u00fcr eigene Inhalte auf diesen Seiten nach den allgemeinen Gesetzen verantwortlich&#8230;<\/p>\n\n\n\n<p><strong>Haftung f\u00fcr Links<\/strong><br>Unsere Website enth\u00e4lt Links zu externen Websites Dritter, auf deren Inhalte wir keinen Einfluss haben&#8230;<\/p>\n\n\n\n<p><strong>Urheberrecht<\/strong><br>Die durch die Seitenbetreiber erstellten Inhalte und Werke auf diesen Seiten unterliegen dem deutschen Urheberrecht.<\/p>\n\n\n\n<p><\/p>\n","protected":false},"excerpt":{"rendered":"<p>Angaben gem\u00e4\u00df \u00a7 5 TMG S- Gruppe Geb\u00e4udereinigungInhaberin: Sorina-Daniela StanoieviciKieferweg 2789134, BlausteinDeutschland KontaktTelefon: +49 172 9146409 oder +49 1577 7778916E-Mail: S-Gruppe-Reinigung@gmx.de Vertreten durch:Sorina-Daniela Stanoievici Umsatzsteuer-IDUmsatzsteuer-Identifikationsnummer gem\u00e4\u00df \u00a7 27 a Umsatzsteuergesetz: Verantwortlich f\u00fcr den Inhalt nach \u00a7 55 Abs. 2 RStVSorina-Daniela Stanoievici HostingHosting und technische Bereitstellung der Website:myprepaid-server.comhttps:\/\/myprepaid-server.com\/ Haftung f\u00fcr InhalteAls Diensteanbieter sind wir gem\u00e4\u00df \u00a7 [&hellip;]<\/p>\n","protected":false},"author":2,"featured_media":0,"parent":0,"menu_order":0,"comment_status":"closed","ping_status":"closed","template":"","meta":{"footnotes":""},"class_list":["post-84","page","type-page","status-publish","hentry"],"_links":{"self":[{"href":"https:\/\/s-groupe.de\/index.php\/wp-json\/wp\/v2\/pages\/84","targetHints":{"allow":["GET"]}}],"collection":[{"href":"https:\/\/s-groupe.de\/index.php\/wp-json\/wp\/v2\/pages"}],"about":[{"href":"https:\/\/s-groupe.de\/index.php\/wp-json\/wp\/v2\/types\/page"}],"author":[{"embeddable":true,"href":"https:\/\/s-groupe.de\/index.php\/wp-json\/wp\/v2\/users\/2"}],"replies":[{"embeddable":true,"href":"https:\/\/s-groupe.de\/index.php\/wp-json\/wp\/v2\/comments?post=84"}],"version-history":[{"count":2,"href":"https:\/\/s-groupe.de\/index.php\/wp-json\/wp\/v2\/pages\/84\/revisions"}],"predecessor-version":[{"id":196,"href":"https:\/\/s-groupe.de\/index.php\/wp-json\/wp\/v2\/pages\/84\/revisions\/196"}],"wp:attachment":[{"href":"https:\/\/s-groupe.de\/index.php\/wp-json\/wp\/v2\/media?parent=84"}],"curies":[{"name":"wp","href":"https:\/\/api.w.org\/{rel}","templated":true}]}}