{"id":23,"date":"2026-02-13T17:04:46","date_gmt":"2026-02-13T17:04:46","guid":{"rendered":"https:\/\/myp-s.de\/S-Groupe\/index.php\/about-us\/"},"modified":"2026-03-08T14:17:14","modified_gmt":"2026-03-08T14:17:14","slug":"about-us","status":"publish","type":"page","link":"https:\/\/s-groupe.de\/index.php\/about-us\/","title":{"rendered":"\u00dcBER UNS"},"content":{"rendered":"\n<p>Wir sind Ihr zuverl\u00e4ssiger Ansprechpartner f\u00fcr professionelle Reinigungsdienstleistungen und gepflegte Sauberkeit. Mit Sorgfalt, Qualit\u00e4t und einem hohen Anspruch an unsere Arbeit bieten wir unseren Kunden individuelle L\u00f6sungen f\u00fcr private, gewerbliche und besondere Einsatzbereiche.<\/p>\n\n\n\n<p>Unser Ziel ist es, R\u00e4ume, Fl\u00e4chen und Objekte nicht nur sauber, sondern auch dauerhaft gepflegt zu halten. Dabei legen wir gro\u00dfen Wert auf Zuverl\u00e4ssigkeit, Gr\u00fcndlichkeit und eine vertrauensvolle Zusammenarbeit.<\/p>\n\n\n\n<p>Ob Unterhaltsreinigung, Grundreinigung, Glasreinigung, Sonderreinigung oder weitere Dienstleistungen \u2013 wir arbeiten stets sauber, termingerecht und kundenorientiert. Die Zufriedenheit unserer Kunden steht f\u00fcr uns an erster Stelle.<\/p>\n\n\n\n<div style=\"height:32px\" aria-hidden=\"true\" class=\"wp-block-spacer\"><\/div>\n\n\n\n<h3 class=\"wp-block-heading\">Wof\u00fcr wir stehen<\/h3>\n\n\n\n<ul class=\"wp-block-list\">\n<li>Zuverl\u00e4ssigkeit<\/li>\n\n\n\n<li>Gr\u00fcndlichkeit<\/li>\n\n\n\n<li>Qualit\u00e4t<\/li>\n\n\n\n<li>Sorgfalt<\/li>\n\n\n\n<li>Kundenn\u00e4he<\/li>\n<\/ul>\n\n\n\n<div style=\"height:31px\" aria-hidden=\"true\" class=\"wp-block-spacer\"><\/div>\n\n\n\n<p><strong>Sauberkeit ist f\u00fcr uns mehr als nur Reinigung \u2013 sie ist ein Zeichen von Qualit\u00e4t und Vertrauen.<\/strong><\/p>\n\n\n\n<div style=\"height:32px\" aria-hidden=\"true\" class=\"wp-block-spacer\"><\/div>\n","protected":false},"excerpt":{"rendered":"<p>Wir sind Ihr zuverl\u00e4ssiger Ansprechpartner f\u00fcr professionelle Reinigungsdienstleistungen und gepflegte Sauberkeit. Mit Sorgfalt, Qualit\u00e4t und einem hohen Anspruch an unsere Arbeit bieten wir unseren Kunden individuelle L\u00f6sungen f\u00fcr private, gewerbliche und besondere Einsatzbereiche. Unser Ziel ist es, R\u00e4ume, Fl\u00e4chen und Objekte nicht nur sauber, sondern auch dauerhaft gepflegt zu halten. Dabei legen wir gro\u00dfen Wert [&hellip;]<\/p>\n","protected":false},"author":2,"featured_media":0,"parent":0,"menu_order":0,"comment_status":"closed","ping_status":"closed","template":"","meta":{"footnotes":""},"class_list":["post-23","page","type-page","status-publish","hentry"],"_links":{"self":[{"href":"https:\/\/s-groupe.de\/index.php\/wp-json\/wp\/v2\/pages\/23","targetHints":{"allow":["GET"]}}],"collection":[{"href":"https:\/\/s-groupe.de\/index.php\/wp-json\/wp\/v2\/pages"}],"about":[{"href":"https:\/\/s-groupe.de\/index.php\/wp-json\/wp\/v2\/types\/page"}],"author":[{"embeddable":true,"href":"https:\/\/s-groupe.de\/index.php\/wp-json\/wp\/v2\/users\/2"}],"replies":[{"embeddable":true,"href":"https:\/\/s-groupe.de\/index.php\/wp-json\/wp\/v2\/comments?post=23"}],"version-history":[{"count":2,"href":"https:\/\/s-groupe.de\/index.php\/wp-json\/wp\/v2\/pages\/23\/revisions"}],"predecessor-version":[{"id":133,"href":"https:\/\/s-groupe.de\/index.php\/wp-json\/wp\/v2\/pages\/23\/revisions\/133"}],"wp:attachment":[{"href":"https:\/\/s-groupe.de\/index.php\/wp-json\/wp\/v2\/media?parent=23"}],"curies":[{"name":"wp","href":"https:\/\/api.w.org\/{rel}","templated":true}]}}